rime?
False
Let a = -223 - -228. Suppose 21352 = a*w - 13653. Is w a prime number?
True
Suppose 0 = -9*w - 0*w + 36. Let c(x) = 285*x**2 - 9*x + 9. Let i be c(w). Suppose 0 = -2*v + 3*v + 2*q - 911, -5*v + i = -q. Is v composite?
False
Suppose 164177460 = 542*b + 6460338. Is b a prime number?
False
Let r(o) be the second derivative of -31*o**5/4 - o**4/12 + 3*o**3/2 - 2*o**2 - 2*o - 4. Let g be r(-3). Let n = g - -7824. Is n composite?
False
Suppose -543*a + 133*a = -24792290. Is a a prime number?
False
Let d = 92770 - -38373. Is d prime?
True
Let i = 305 + -326. Let k(y) = -2*y**3 - 36*y**2 + 15*y - 10. Is k(i) a prime number?
False
Let c be 2067 + (-5)/((-15)/(-6)). Let n(x) = 133*x - 202. Let z be n(6). Suppose -o + c = z. Is o a prime number?
False
Suppose 0 = 3*a + m - 11, 3*a - 5*m + 4*m - 13 = 0. Suppose -4677 = -3*k + a*i, 4*k + 6*i - 6236 = 10*i. Is k a composite number?
False
Let u(o) = -19*o - 48. Let d be u(-9). Let y = d - -214. Is y a prime number?
True
Let f(d) = -3*d**2 + 17*d + 23. Let a(c) = 10*c**2 - 50*c - 70. Let n(z) = -2*a(z) - 7*f(z). Let y be n(20). Let s(h) = -941*h**3 + 2*h**2 + 2*h. Is s(y) prime?
True
Let l(a) = 12658*a - 133. Is l(8) composite?
True
Suppose -63*p + 59*p - 20 = 0, 5*p = 4*b - 1246973. Is b a composite number?
False
Is (1 + -132390)/(6/(-6) - 2 - -2) prime?
False
Suppose -3*h - 6 = 0, -5*h = -0*g + 3*g - 194021. Suppose 24993 = 15*f - g. Let x = f - 4047. Is x a composite number?
False
Let a(f) = 62072*f - 65. Is a(2) a composite number?
True
Let l = 30157 + -15984. Is l composite?
False
Suppose -7*d = -79 + 2. Is 49/(4 - d)*-317 composite?
True
Let i(m) = 3757*m**2 + 13*m + 263. Is i(-10) prime?
True
Suppose -3*u - 35 = 4*v, 0*u - 3*u - 2*v - 25 = 0. Let i be 5/5 + (u - -8). Suppose 0 = -2*h - 4*t + 782, -4*h = -7*h - i*t + 1173. Is h a prime number?
False
Let d = -186651 + 412738. Is d prime?
True
Let k be (-4)/(-20)*(1 - -4). Suppose 0 = -a + 3*b + k, 51 = 3*a + b + 2*b. Let m(n) = n**3 - 13*n**2 + 15*n + 10. Is m(a) a composite number?
True
Suppose -2*k - w = -229011, -3*k + 343513 = 238*w - 237*w. Is k prime?
False
Let n(r) = -126*r - 50*r**2 + 54 - r**3 - 13 - 27 - 34. Is n(-51) prime?
True
Suppose -48*r + 19562737 + 172488580 = 133*r. Is r a prime number?
True
Let k(f) = 289*f**2 + 3*f - 32. Let m be k(6). Suppose -165*r + 175*r - m = 0. Is r prime?
True
Let c = -318 - -321. Suppose 2*i + c*s - 6994 = 0, 20*s + 17475 = 5*i + 25*s. Is i prime?
True
Suppose -8*c - 127*c = 8*c - 29095495. Is c a composite number?
True
Suppose -335*q + 331*q = -20, -5*o = 5*q - 874610. Is o a prime number?
True
Is (-11)/((-616)/10143104) + (-9)/(-63) composite?
True
Suppose -5*x - 5052 = 2*s, -11*s - 12564 = -6*s - 4*x. Let a = -478 - s. Is a a composite number?
True
Let v(t) = -28*t - 1 - 10 + t - 20*t. Suppose 0 = -4*c - 48 + 16. Is v(c) a prime number?
False
Suppose -193*u + 57029 = 2*w - 192*u, -4*w = 3*u - 114065. Is w composite?
True
Let c = 1 + 12. Suppose -c*y + 5*y + 32 = 0. Let q(s) = 2*s - 2. Is q(y) prime?
False
Let m(y) = 60*y**2 + 112*y - 2105. Is m(39) a composite number?
False
Let y = -69626 + 117325. Is y composite?
False
Let i = 45 + -45. Suppose i = v - c - 10, 3*v - 4*c + 16 = 6*v. Suppose 3*o = 6*k - 5*k + 2411, -v = 4*k. Is o composite?
True
Suppose a + 3*s - 20 = 0, 0 = 3*a + 2*s + 2*s - 35. Suppose -2*p - a*q + 3413 = -6*q, -8560 = -5*p - 3*q. Is p a prime number?
True
Let m = 51784 - 10293. Is m a composite number?
False
Suppose -146*l + 147*l - 197535 = -c, 2*c - 4*l - 395094 = 0. Is c a prime number?
True
Is (-5 - -97683)*2*8/32 composite?
True
Let d = -16 + 74. Let h(n) = -10*n + 1897. Let c be h(0). Suppose d*b - c = 57*b. Is b prime?
False
Let i(s) = 135579*s - 2377. Is i(4) a prime number?
False
Let z(h) = -179*h + 7. Let d = 33 + -31. Let a be z(d). Let m = 493 + a. Is m a prime number?
False
Let o be ((-65)/10)/((-1)/(-2)). Let f(d) = d**2 + 13*d + 2. Let y be f(o). Is 1424/24*(y - -1) a composite number?
True
Let q be -54*(6/(-4))/1. Suppose 4*g = 23 + q. Is g prime?
False
Let n be (-9)/5 + (-16)/80. Let r be n/8*6 + (-55)/(-10). Is 8/((-112)/(-3098)) - r/14 prime?
False
Let z(t) = 6*t + 20372. Let v be ((-9)/9 - -1)*1/2. Let s be z(v). Is -1*s/4*-1 prime?
False
Let f(d) = -1392*d + 2563. Is f(-9) a composite number?
False
Suppose 0 = -8*s + 136588 + 228484. Is s a composite number?
True
Let a be (-28216)/(-10) - 24/40. Let f = a + -1878. Is f a composite number?
True
Let i = 718 + -430. Suppose 3*h - i = 57. Is h a prime number?
False
Let b = 11302 - 1557. Is b prime?
False
Let l(u) = -3*u**2 + 3 + u**2 + 7 + 17*u. Let s be l(9). Is s/(-3) + 31470/45 a prime number?
False
Suppose -18*r + 17*r = -39. Suppose 3*o - 3*y = 32799, 42*y - r*y - 12 = 0. Is o composite?
False
Let c(l) = -5*l + 539*l**2 - 29*l**2 - 84 + 91. Is c(4) prime?
True
Suppose 0*o = -2*o + 20. Suppose -o*t + 8604 = -6*t. Is t - (3 + (-4)/4) a composite number?
True
Let n be (-448)/9 + (-2)/9. Let q = 353 + n. Is q composite?
True
Suppose -k + 3 = 5*o - 1, 5*o + 3*k - 12 = 0. Suppose 3*s = 2*n - 1471 - 852, -n + 2*s + 1159 = o. Is n prime?
False
Let d be (-4)/5*420/(-56). Suppose 0 = -17*s + d*s + 19217. Is s composite?
False
Let c(q) = q**3 + 36*q**2 - 101*q + 65. Is c(-29) prime?
False
Let g(o) = 64*o - 418. Let c be g(7). Is 3/30 - (-781707)/c a composite number?
True
Let i be (2 - (-45)/(-25))*15. Suppose 0 = -i*x + 3*o + 5913, -5*x + o + 9031 = -832. Is x prime?
True
Suppose 14*s = 22*s + 6168. Let j = s + 1108. Is j a prime number?
True
Let k = -3004 + 31905. Is k a composite number?
False
Suppose 5*v - m = 15, 4*m - 3*m - 9 = -v. Suppose 0 = -q + 4, 6*q - 3*q - 20 = v*f. Is f*(413/(-2) - (8 + -10)) prime?
True
Suppose 5*f - 4*i = -24, -5*f + 3*f + 5*i = -4. Suppose -2342 - 242 = 8*w. Is 2/4 + 12/f*w a composite number?
True
Let d(t) = -99*t + 736. Is d(-35) a composite number?
False
Let f = 66 + -63. Suppose -4*n = f*a + 1, 1 = -5*n - 3*a + 2. Is n/(-8) + (-35350)/(-56) composite?
False
Let l be (-39)/(-9)*-1*(-15)/1. Let f = l + -55. Suppose -13*w + 1437 = -f*w. Is w a prime number?
True
Suppose -118*a + 7895830 = -3113811 - 8577533. Is a prime?
False
Let o(l) = 4*l**3 - 7*l**2 - 11*l + 3. Let w be o(9). Suppose -2*v + 2781 + w = 0. Is v a composite number?
True
Let z = -113485 + 303179. Is z a prime number?
False
Suppose -z = -5*x + 6 - 5, z + 4 = 2*x. Let p be ((-14)/z)/((-2)/(-222)). Let k = -132 + p. Is k a prime number?
True
Suppose 26015 = -13*t + 2*t. Let z = 10369 + t. Let i = z - 4615. Is i prime?
True
Suppose 0 = x - 4*x + 27. Suppose -x*z + 35358 + 43761 = 0. Is z a prime number?
False
Let g = -91 + 23. Let n = g - -70. Suppose 0 = -n*y - 2*y + 508. Is y composite?
False
Let z be 2/(-8) - 9/(-4). Suppose 2*l = -0*g + 4*g - 8, 0 = -g - 3*l + z. Is ((1 - -10) + g)/(3/21) composite?
True
Let c(x) = x - 11958. Let o be c(0). Let f = 22091 + o. Is f a composite number?
False
Let q = 163 + -78. Suppose -q*k + 5296 = -69*k. Is k prime?
True
Suppose 14*r - 19*r = 0. Suppose -2*k - 2*m + 2 = 0, -5*k - 3*m + 10 + 1 = r. Suppose -j + 2*v = 637 - 1998, -5*j + 6847 = k*v. Is j a composite number?
False
Suppose -7*t - 70 = 7*t. Let c be 1/(t/(-4335)) - 0. Is (2 + c/(-2))*-2 a composite number?
False
Let q = -75 - -79. Suppose 26*r - 21*r + q*i - 12729 = 0, r - 2540 = 5*i. Is r prime?
False
Let v be 2*10/(-110) - (-1010)/(-11). Is 12/(-138) - 355404/v a prime number?
True
Let l(d) = 28*d**3 - 8*d**2 + 3. Let c(t) = -83*t**3 + 24*t**2 - t - 8. Let q(z) = -6*c(z) - 17*l(z). Is q(6) composite?
True
Let c(a) = 16*a - a**3 + 6*a**2 + 20 - 10*a**2 + a. Let v be c(-11). Let n = -298 + v. Is n a composite number?
True
Is 109*17*(71 + -67) + -1 composite?
False
Let k = 19303 + -11402. Is k a composite number?
False
Let f(r) = -8*r**3 + 7*r + 7. Let l be f(-5). Suppose 0 = -q - k + 1318, 4*k - l - 352 = -q. Let h = q + -563. Is h composite?
True
Let w(n) = n**2 - 46*n - 35. Let o be w(-25). Let j = 9922 - o. Is j a composite number?
True
Let j = 56630 - 13117. Is j composite?
True
Let i = -413 + 422. Let a(o) = 35*o**2 + o - 25. Is a(i) prime?
True
Suppose 4*d + 8326 + 9225 = 3*s, -3*d = s - 5846. Is s a prime number?
True
Let h(x) = x**3 + 9*x**2 + 2*x - 4. Let l be h(-8). Suppose l*k = 47*k + 4317. Let i = 2838 +